{"id":317,"date":"2025-06-22T15:51:05","date_gmt":"2025-06-22T15:51:05","guid":{"rendered":"https:\/\/lennis.fi\/?post_type=product&#038;p=317"},"modified":"2025-08-31T13:27:07","modified_gmt":"2025-08-31T10:27:07","slug":"kettu-virkattu","status":"publish","type":"product","link":"https:\/\/lennis.fi\/index.php\/product\/kettu-virkattu\/","title":{"rendered":"Kettu, virkattu"},"content":{"rendered":"<p>Virkattu kettu\u00a0 \u00a07-veljest\u00e4 langasta. T\u00e4ytteen\u00e4 vanu.<\/p>\n<p>Koko n. 20-21cm.<\/p>\n<p>Turvasilm\u00e4t.<\/p>\n<p>Ketut ovat k\u00e4sintehtyj\u00e4, joten pieni\u00e4 yksil\u00f6llisi\u00e4 eroavaisuuksia voi olla. Ketut ovat uniikkeja.<\/p>\n<p>&nbsp;<\/p>\n<p><img loading=\"lazy\" decoding=\"async\" class=\"alignnone wp-image-270\" src=\"https:\/\/lennis.fi\/wp-content\/uploads\/2025\/06\/Ketut-ryhma-300x237.jpg\" alt=\"\" width=\"380\" height=\"300\" srcset=\"https:\/\/lennis.fi\/wp-content\/uploads\/2025\/06\/Ketut-ryhma-300x237.jpg 300w, https:\/\/lennis.fi\/wp-content\/uploads\/2025\/06\/Ketut-ryhma-1024x808.jpg 1024w, https:\/\/lennis.fi\/wp-content\/uploads\/2025\/06\/Ketut-ryhma-768x606.jpg 768w, https:\/\/lennis.fi\/wp-content\/uploads\/2025\/06\/Ketut-ryhma-1536x1212.jpg 1536w, https:\/\/lennis.fi\/wp-content\/uploads\/2025\/06\/Ketut-ryhma-2048x1617.jpg 2048w, https:\/\/lennis.fi\/wp-content\/uploads\/2025\/06\/Ketut-ryhma-600x474.jpg 600w\" sizes=\"auto, (max-width: 380px) 100vw, 380px\" \/><img loading=\"lazy\" decoding=\"async\" class=\"alignnone size-medium wp-image-269\" src=\"https:\/\/lennis.fi\/wp-content\/uploads\/2025\/06\/kettu-sivu2-222x300.jpg\" alt=\"\" width=\"222\" height=\"300\" srcset=\"https:\/\/lennis.fi\/wp-content\/uploads\/2025\/06\/kettu-sivu2-222x300.jpg 222w, https:\/\/lennis.fi\/wp-content\/uploads\/2025\/06\/kettu-sivu2-759x1024.jpg 759w, https:\/\/lennis.fi\/wp-content\/uploads\/2025\/06\/kettu-sivu2-768x1036.jpg 768w, https:\/\/lennis.fi\/wp-content\/uploads\/2025\/06\/kettu-sivu2-1139x1536.jpg 1139w, https:\/\/lennis.fi\/wp-content\/uploads\/2025\/06\/kettu-sivu2-600x809.jpg 600w, https:\/\/lennis.fi\/wp-content\/uploads\/2025\/06\/kettu-sivu2.jpg 1172w\" sizes=\"auto, (max-width: 222px) 100vw, 222px\" \/><img loading=\"lazy\" decoding=\"async\" class=\"alignnone size-medium wp-image-274\" src=\"https:\/\/lennis.fi\/wp-content\/uploads\/2025\/06\/kettu-takaa-223x300.jpg\" alt=\"\" width=\"223\" height=\"300\" srcset=\"https:\/\/lennis.fi\/wp-content\/uploads\/2025\/06\/kettu-takaa-223x300.jpg 223w, https:\/\/lennis.fi\/wp-content\/uploads\/2025\/06\/kettu-takaa-760x1024.jpg 760w, https:\/\/lennis.fi\/wp-content\/uploads\/2025\/06\/kettu-takaa-768x1035.jpg 768w, https:\/\/lennis.fi\/wp-content\/uploads\/2025\/06\/kettu-takaa-600x809.jpg 600w, https:\/\/lennis.fi\/wp-content\/uploads\/2025\/06\/kettu-takaa.jpg 1121w\" sizes=\"auto, (max-width: 223px) 100vw, 223px\" \/><img loading=\"lazy\" decoding=\"async\" class=\"alignnone size-medium wp-image-273\" src=\"https:\/\/lennis.fi\/wp-content\/uploads\/2025\/06\/kettu2-225x300.jpg\" alt=\"\" width=\"225\" height=\"300\" srcset=\"https:\/\/lennis.fi\/wp-content\/uploads\/2025\/06\/kettu2-225x300.jpg 225w, https:\/\/lennis.fi\/wp-content\/uploads\/2025\/06\/kettu2-767x1024.jpg 767w, https:\/\/lennis.fi\/wp-content\/uploads\/2025\/06\/kettu2-768x1026.jpg 768w, https:\/\/lennis.fi\/wp-content\/uploads\/2025\/06\/kettu2-1150x1536.jpg 1150w, https:\/\/lennis.fi\/wp-content\/uploads\/2025\/06\/kettu2-600x802.jpg 600w, https:\/\/lennis.fi\/wp-content\/uploads\/2025\/06\/kettu2.jpg 1161w\" sizes=\"auto, (max-width: 225px) 100vw, 225px\" \/><img loading=\"lazy\" decoding=\"async\" class=\"alignnone size-medium wp-image-272\" src=\"https:\/\/lennis.fi\/wp-content\/uploads\/2025\/06\/Kettu-sivu-218x300.jpg\" alt=\"\" width=\"218\" height=\"300\" srcset=\"https:\/\/lennis.fi\/wp-content\/uploads\/2025\/06\/Kettu-sivu-218x300.jpg 218w, https:\/\/lennis.fi\/wp-content\/uploads\/2025\/06\/Kettu-sivu-744x1024.jpg 744w, https:\/\/lennis.fi\/wp-content\/uploads\/2025\/06\/Kettu-sivu-768x1057.jpg 768w, https:\/\/lennis.fi\/wp-content\/uploads\/2025\/06\/Kettu-sivu-1116x1536.jpg 1116w, https:\/\/lennis.fi\/wp-content\/uploads\/2025\/06\/Kettu-sivu-600x826.jpg 600w, https:\/\/lennis.fi\/wp-content\/uploads\/2025\/06\/Kettu-sivu.jpg 1161w\" sizes=\"auto, (max-width: 218px) 100vw, 218px\" \/><\/p>\n","protected":false},"excerpt":{"rendered":"<p>Virkattu kettu\u00a0 \u00a07-veljest\u00e4 langasta. T\u00e4ytteen\u00e4 vanu. Koko n. 20-21cm. Turvasilm\u00e4t. Ketut ovat k\u00e4sintehtyj\u00e4, joten pieni\u00e4 yksil\u00f6llisi\u00e4 eroavaisuuksia voi olla. Ketut ovat uniikkeja. &nbsp;<\/p>\n","protected":false},"featured_media":271,"comment_status":"open","ping_status":"closed","template":"","meta":[],"product_brand":[],"product_cat":[33,22,29],"product_tag":[],"class_list":{"0":"post-317","1":"product","2":"type-product","3":"status-publish","4":"has-post-thumbnail","6":"product_cat-kaikki","7":"product_cat-virkkaus","8":"product_cat-pehmoelaimet","10":"first","11":"instock","12":"taxable","13":"shipping-taxable","14":"purchasable","15":"product-type-simple"},"jetpack_sharing_enabled":true,"_links":{"self":[{"href":"https:\/\/lennis.fi\/index.php\/wp-json\/wp\/v2\/product\/317","targetHints":{"allow":["GET"]}}],"collection":[{"href":"https:\/\/lennis.fi\/index.php\/wp-json\/wp\/v2\/product"}],"about":[{"href":"https:\/\/lennis.fi\/index.php\/wp-json\/wp\/v2\/types\/product"}],"replies":[{"embeddable":true,"href":"https:\/\/lennis.fi\/index.php\/wp-json\/wp\/v2\/comments?post=317"}],"wp:featuredmedia":[{"embeddable":true,"href":"https:\/\/lennis.fi\/index.php\/wp-json\/wp\/v2\/media\/271"}],"wp:attachment":[{"href":"https:\/\/lennis.fi\/index.php\/wp-json\/wp\/v2\/media?parent=317"}],"wp:term":[{"taxonomy":"product_brand","embeddable":true,"href":"https:\/\/lennis.fi\/index.php\/wp-json\/wp\/v2\/product_brand?post=317"},{"taxonomy":"product_cat","embeddable":true,"href":"https:\/\/lennis.fi\/index.php\/wp-json\/wp\/v2\/product_cat?post=317"},{"taxonomy":"product_tag","embeddable":true,"href":"https:\/\/lennis.fi\/index.php\/wp-json\/wp\/v2\/product_tag?post=317"}],"curies":[{"name":"wp","href":"https:\/\/api.w.org\/{rel}","templated":true}]}}