{"id":1118,"date":"2025-10-18T10:47:03","date_gmt":"2025-10-18T07:47:03","guid":{"rendered":"https:\/\/lennis.fi\/?post_type=product&#038;p=1118"},"modified":"2025-10-18T10:59:58","modified_gmt":"2025-10-18T07:59:58","slug":"keinutonttu-tytto-ja-poika","status":"publish","type":"product","link":"https:\/\/lennis.fi\/index.php\/product\/keinutonttu-tytto-ja-poika\/","title":{"rendered":"Keinutonttu (tytt\u00f6 ja poika)"},"content":{"rendered":"<p>Vaatteet fleecea. P\u00e4\u00e4 vanulla t\u00e4ytetty sukkahousu. Hiukset villalankaa. Helmisilm\u00e4t.<\/p>\n<p>Tontun koko n. 35 -36 cm.<\/p>\n<p>&nbsp;<\/p>\n","protected":false},"excerpt":{"rendered":"<p>Irroitettavat tontut keinussa. Sis\u00e4ll\u00e4 rautalankaa, joten tonttujen asentoa voi muokata.<\/p>\n<p>Tontut ovat yksil\u00f6it\u00e4. Ei kahta samanlaista.<\/p>\n","protected":false},"featured_media":993,"comment_status":"open","ping_status":"closed","template":"","meta":[],"product_brand":[],"product_cat":[33,40],"product_tag":[],"class_list":{"0":"post-1118","1":"product","2":"type-product","3":"status-publish","4":"has-post-thumbnail","6":"product_cat-kaikki","7":"product_cat-joulu","9":"first","10":"instock","11":"taxable","12":"shipping-taxable","13":"purchasable","14":"product-type-simple"},"jetpack_sharing_enabled":true,"_links":{"self":[{"href":"https:\/\/lennis.fi\/index.php\/wp-json\/wp\/v2\/product\/1118","targetHints":{"allow":["GET"]}}],"collection":[{"href":"https:\/\/lennis.fi\/index.php\/wp-json\/wp\/v2\/product"}],"about":[{"href":"https:\/\/lennis.fi\/index.php\/wp-json\/wp\/v2\/types\/product"}],"replies":[{"embeddable":true,"href":"https:\/\/lennis.fi\/index.php\/wp-json\/wp\/v2\/comments?post=1118"}],"wp:featuredmedia":[{"embeddable":true,"href":"https:\/\/lennis.fi\/index.php\/wp-json\/wp\/v2\/media\/993"}],"wp:attachment":[{"href":"https:\/\/lennis.fi\/index.php\/wp-json\/wp\/v2\/media?parent=1118"}],"wp:term":[{"taxonomy":"product_brand","embeddable":true,"href":"https:\/\/lennis.fi\/index.php\/wp-json\/wp\/v2\/product_brand?post=1118"},{"taxonomy":"product_cat","embeddable":true,"href":"https:\/\/lennis.fi\/index.php\/wp-json\/wp\/v2\/product_cat?post=1118"},{"taxonomy":"product_tag","embeddable":true,"href":"https:\/\/lennis.fi\/index.php\/wp-json\/wp\/v2\/product_tag?post=1118"}],"curies":[{"name":"wp","href":"https:\/\/api.w.org\/{rel}","templated":true}]}}